 of c?
2, 3, 71
Let r(t) = t**3 - 12*t**2 + 15*t - 6. Suppose -5*l + 46 = -9. Let d be r(l). Suppose -5*z + 5*o = o - 78, d = 3*z + 2*o. List the prime factors of z.
2, 7
Let y(f) = 23*f - 14. Suppose -r = -5*r + 12, 0 = 4*a + r - 31. List the prime factors of y(a).
3, 7
Let b(g) = -5*g**2 + 4*g**2 + 912*g + 66 - 903*g. What are the prime factors of b(0)?
2, 3, 11
Let g(x) = x**2 - 3*x + 1. Let t be g(4). Suppose 3*w + 195 = -t*i, -5*i + 5*w - 195 = -0*i. Let z = -11 - i. What are the prime factors of z?
2, 7
Let j(b) = 11*b**3 - 7*b**2 + 11*b + 4. List the prime factors of j(5).
1259
Suppose 6*s + n = 11*s + 90, 0 = 3*n. List the prime factors of 266 + (s/54 - (-2)/(-3)).
5, 53
Let z be 8 + -10 + (-428)/(-1). Suppose a - d = -5*d + 75, z = 5*a + 3*d. What are the prime factors of a?
3, 29
Let h(x) = x**2 + 2*x - 6. Let f be h(-5). Suppose -f*g + 7*g + 248 = 0. What are the prime factors of g?
2, 31
Suppose 6 = 2*v - 4. Suppose v*d - 6*d = -77. Suppose -6*o + d = -5*o. List the prime factors of o.
7, 11
Suppose 0 = -13*z + 599 + 792. List the prime factors of z.
107
Let n(f) be the second derivative of -2*f**3/3 + 19*f**2/2 + 21*f. List the prime factors of n(-10).
59
Suppose -p + 2*p - 11 = 0. What are the prime factors of p/9 - 1 - (-565)/9?
3, 7
Let q = -4 - -6. Suppose -q*p = -z + 12, 2*z = -p - 1 - 0. Suppose -r + 5*a = z*a - 9, 0 = -3*r - 2*a + 5. What are the prime factors of r?
3
Let g(h) = -h**3 - 6*h**2 - 4*h + 4. Let x be g(-4). Suppose -4*f + 8*f = -112. List the prime factors of (f/x)/(1/9).
3, 7
List the prime factors of -6*25/4*(-680)/30.
2, 5, 17
Let t = 61 + -49. List the prime factors of (-1)/((2/t)/(3/(-9))).
2
Let z(w) = -8*w - 3 - w**2 + w**2 + 4*w**2. What are the prime factors of z(4)?
29
Let w = 109 - 73. Suppose 0*s - w = -3*s. Suppose 0 = -3*o + 66 - s. What are the prime factors of o?
2, 3
Let a(m) = -m**2 + 16*m + 6. Let x be a(14). Suppose -4*o - x = -2. Let z(t) = t**3 + 8*t**2 + 9. List the prime factors of z(o).
3
Let v(c) = 4*c**2 + 7*c - 5. Let o(w) = -7*w**2 - 13*w + 11. Let r(n) = -3*o(n) - 5*v(n). List the prime factors of r(7).
3, 23
Let y(k) = k**2 - 5*k + 12. Let m be y(5). Let j be (m/(3 + -5))/1. List the prime factors of ((-4)/j)/(2/126).
2, 3, 7
Let y(b) = -b - 1. Suppose 18 = -7*w + 4*w. Let c be y(w). Suppose -5*q = 2*s - 290, -5*s = -c*q - 2*s + 290. What are the prime factors of q?
2, 29
What are the prime factors of ((11 - -32599)/6)/((-2)/(-2))?
5, 1087
Suppose -5*b = 3*v - 658 + 15, -3*b - 397 = -2*v. What are the prime factors of v?
2, 103
What are the prime factors of ((-4 - 2410)/2)/(-1)?
17, 71
Let z be (2/(-2))/(2/(-10)). Suppose -3 - z = 2*l. Let n = l - -10. What are the prime factors of n?
2, 3
What are the prime factors of (-8)/(112/(-11711))*4?
2, 7, 239
Let r be (-3 - 47)*7/(-2). Suppose q + 4*q - r = 0. Suppose 4*p - 21 - q = 0. List the prime factors of p.
2, 7
Let m = 8 + -10. Let f be m/11 - (-18)/(-22). List the prime factors of -15*((-8)/(-6))/f.
2, 5
List the prime factors of -5 + (-17)/(68/(-8648)).
3, 719
Let x = 19 - 36. Let a = -40 - x. Let g = 39 + a. List the prime factors of g.
2
Suppose 0 = 16*u + 34126 - 92526. What are the prime factors of u?
2, 5, 73
Suppose -4*q + 20 = -2*s, -3*q = -s + 6*s - 15. Suppose 6 = -s*j + 3*j. Suppose l - 16 = -j. What are the prime factors of l?
2, 7
Suppose 2*y = 0, 5*v = 3*y + 3570 + 795. List the prime factors of v.
3, 97
Suppose -3*p = -2017 - 1172. What are the prime factors of p?
1063
Let w(s) = -13*s + 7. Suppose -2*b - 2*a - 11 = -a, -5 = 2*b - 5*a. List the prime factors of w(b).
2, 3
Suppose -z - 31 = -19. List the prime factors of ((-942)/9*1)/(z/18).
157
Let r = -13 + 16. Suppose -4*x = -r - 5. Suppose 2*i + x*i = 60. What are the prime factors of i?
3, 5
Suppose 2*y = 4*q - 28, -q = -2*q - 3*y - 7. Suppose -2*l + 123 + q = 0. Suppose i - 5*d = 58, 0*d - 3*d + l = 2*i. What are the prime factors of i?
2, 19
Let c(w) be the first derivative of 7*w**2 - 9*w - 9. List the prime factors of c(5).
61
Let o(w) = -100*w. Let l be o(-1). Let k be 9*2*3/18*2. Suppose l = k*q - q. What are the prime factors of q?
2, 5
Let j(o) = -1233*o**3 - 2*o**2 + 2. List the prime factors of j(-1).
3, 137
Let i(m) = -m**3 - 17*m**2 + 52*m - 22. List the prime factors of i(-25).
2, 3, 613
Let v(j) = j**3 - 5*j**2 + 6*j - 4. Let h be v(4). Let l be (-6)/(-5)*520/6. Suppose -5*p = -5*c + c + 80, h*c = -p + l. What are the prime factors of c?
5
Let t(j) = -j**3 + 3*j**2 + 2*j - 3. Let g be t(3). Suppose 15 - 78 = -g*b. Suppose -67 = -4*k + b. What are the prime factors of k?
2, 11
Let q(h) = h**3 - 2*h - 1. Let r be 2 + (-3 - (0 - 3)). Let b be q(r). Suppose f + 32 = b*f. What are the prime factors of f?
2
Let b be (-3 + (1 - 0))*-1. Suppose -4*j = -0*j - 136. List the prime factors of 1/b*j - -4.
3, 7
Let h be 3/(-8) + 2545/(-40). Let l = h + 195. What are the prime factors of l?
131
Suppose 3*a + 21 = -a + 3*g, 3*g = -4*a - 3. List the prime factors of a - -185 - 12/4.
179
Let v(n) = -108*n + 109. List the prime factors of v(-5).
11, 59
Let y(s) = -41*s + 11. Let l be y(-5). Let p = 6 + -3. Suppose p*c = 6*c - l. List the prime factors of c.
2, 3
Let k = -490 + 507. List the prime factors of k.
17
Let z = 1143 - 545. What are the prime factors of z?
2, 13, 23
Let v = -5 + 8. Suppose 7*t = 12*t + 3*u - 9, -3*t - 5*u - 1 = 0. What are the prime factors of 4 - (t + v + -12)?
2, 5
What are the prime factors of (2500/(-40))/(3/(-42))?
5, 7
Let c = -2469 - -6826. What are the prime factors of c?
4357
Let w(n) = -n - 5. Let a(b) = 2*b + 17. Let i be a(-13). Let d be w(i). List the prime factors of -31*d/(-3 - 1).
31
Let r be (-1 - -13)*(3 - 2). Suppose -r = -2*c - 6. Suppose 5*a - 2 = 13, 81 = c*t + 3*a. What are the prime factors of t?
2, 3
Let y(a) = -37*a + 379. List the prime factors of y(-31).
2, 7, 109
Suppose 32 = 6*n - 4*n. Let k be 4/32 - (-126)/n. Let c = k - -12. What are the prime factors of c?
2, 5
Suppose -3*f = -2*h + 11, 2*f - f + 17 = 4*h. Let r be 0*(-1 - (-6)/h). Suppose 9*t - 3*t - 156 = r. List the prime factors of t.
2, 13
Let b(x) = -x**3 + x**2 + 19*x + 62. List the prime factors of b(-8).
2, 3
Suppose -t + 10 - 1 = 0. Suppose -6*o - t = -21. Suppose -x = o*u - 4, -3*x + u = -x - 3. What are the prime factors of x?
2
Suppose 0 = -t - 3*z + 251, -3*z + 154 + 623 = 3*t. What are the prime factors of t?
263
Let y = 90 - -69. What are the prime factors of y?
3, 53
Let i(g) = 79*g**2 + 1. Let z be i(-1). Let n = z + -72. What are the prime factors of n?
2
Suppose 18*s - 148*s = -75010. What are the prime factors of s?
577
Suppose -y = 13 + 74. Suppose -2*c + 306 = -0*c. Let s = y + c. What are the prime factors of s?
2, 3, 11
Suppose -9*p + 5*p = -104. List the prime factors of p.
2, 13
Let q(h) be the third derivative of -h**6/40 - h**5/60 - h**4/8 - h**3/6 - h**2. Let p(z) = z**2 - 5*z - 2. Let o be p(5). What are the prime factors of q(o)?
5
Let o be (5/2)/5 + (-271)/2. Let f = -68 - o. What are the prime factors of f?
67
Suppose 5*y - 3 = 4*n + 8, 5*y + n - 16 = 0. Let m(i) = 0*i - 13 + 2 + y*i. List the prime factors of m(9).
2
Suppose -28 = -10*r + 3*r. Suppose -10*z + 5*z + 3*s = -1082, -r*z + 5*s = -876. What are the prime factors of z?
2, 107
Let y(x) = x + 3. Let q be y(-6). Let l be 2/q*(-171)/(-6). Let c = l - -35. List the prime factors of c.
2
Let j = 29 - 9. Let f = j + -8. What are the prime factors of f/4*22/3?
2, 11
Let g(j) = -2*j - 42. Let n be g(-21). Suppose -3*x = -4*f - 2*x + 338, n = -2*x + 4. List the prime factors of f.
5, 17
Let v be ((-15)/10)/((-1)/4). List the prime factors of v/(-4)*1036/(-21).
2, 37
Suppose 4*a = a - 2*g + 124, -a + 4*g = -32. Let f be (-19)/(-4) - (-10)/a. Suppose 6*d - 3*d - 24 = -3*j, -4*d = -5*j - f. What are the prime factors of d?
5
Suppose 16*m = 596 - 100. List the prime factors of m.
31
Suppose 8 = -v - 30. Let g = v - -55. What are the prime factors of g?
17
Suppose 2*n - 375 - 45 = 0. Suppose 3*d = 5*d - n. What are the prime factors of d?
3, 5, 7
Let m(o) be the third derivative of -5*o**2 - 7/24*o**4 + 0 + 0*o + 0*o**3 - 1/60*o**5. What are the prime factors of m(-4)?
2, 3
List the prime factors of -3 + 1/((-1401)/1404 - -1).
3, 5, 31
Let x(d) = d**3 - 5*d**2 + 6*d - 4. L